3 - 105 = -19*x. Let p(i) = 44*i + 76. What are the prime factors of p(x)?
2, 151
Suppose 3*o - 4*r = 108320, 3*r - 40764 = 4*o - 185186. What are the prime factors of o?
2, 4513
Let q(x) = -1 - 6 + 18*x + 0 + 0. What are the prime factors of q(4)?
5, 13
Let j(h) = 374*h + 25. Let q be j(2). Suppose 331 = 12*n - q. What are the prime factors of n?
2, 23
Let j = 22074 - 4799. What are the prime factors of j?
5, 691
Let w(d) = -d**3 - 17*d**2 + 41*d + 62. Let l be w(-19). Suppose 0 = -l*h + 3*n - 5*n + 1993, 2*h - 802 = 4*n. What are the prime factors of h?
3, 7, 19
Let i = -733 - -689. Let b = -3 - 135. Let p = i - b. List the prime factors of p.
2, 47
Let p(o) = -2*o**2 + 6*o + 13. Let s be p(6). Let c be (-1)/3*(s + 5). Suppose 128 = -4*j + c*j. List the prime factors of j.
2
Let r = -2113 + 9073. What are the prime factors of r?
2, 3, 5, 29
Suppose -3*j + 5*i + 653 = 0, -j - 62 = -2*i - 280. List the prime factors of j.
2, 3
Let b be 2 - (-3 - -1 - -25). Let a(j) = 2 - 177*j - 11 + 334*j - 162*j. What are the prime factors of a(b)?
2, 3
Suppose -9*h = -14*h + 9200. Suppose 0 = -2*l - z + 918, -4*z + h = -l + 5*l. List the prime factors of l.
2, 229
Let h = 40532 + -21242. List the prime factors of h.
2, 3, 5, 643
Suppose -32*p + 467190 = -14*p. List the prime factors of p.
5, 29, 179
Let m = 1056 - -10174. List the prime factors of m.
2, 5, 1123
List the prime factors of 1 + 299805/9 - ((-40)/(-6) - 6).
2, 3, 347
Suppose 107121 = -19*x - 2*x. Let a = -3241 - x. List the prime factors of a.
2, 3, 5, 31
Suppose -4 = w, 3*w - 5*w + 2533 = 3*j. List the prime factors of j - -3 - 7 - 2.
29
Let z(k) = 37*k**2 + 16*k + 5. Let l be z(-5). Suppose 0 = -4*a + 782 + l. What are the prime factors of a?
2, 3, 17
Let q = 79 - 74. Suppose -60 = -9*i + q*i. Let g(y) = 4*y + 17. What are the prime factors of g(i)?
7, 11
Let u be 120/6*13/4. Suppose -2*o + u = 3*i + 2*o, -4*o + 20 = 0. List the prime factors of 12/i*(-210)/(-4).
2, 3, 7
Let s(j) = j**2 - 5*j + 20. Let b(h) = 35*h**3 - 3*h**2 - h. Let c be b(-1). Let l = c + 45. List the prime factors of s(l).
2, 11
Let h(k) = 6*k**2 - 25*k - 449. What are the prime factors of h(-32)?
3, 5, 433
What are the prime factors of ((-7497)/45 + -25)/(2/(-20))?
2, 479
Let t = 36513 + -510. List the prime factors of t.
3, 11, 1091
Let p = -13169 + 24894. List the prime factors of p.
5, 7, 67
What are the prime factors of (-1089663)/(-66) - 92/2024?
2, 5, 13, 127
Suppose 94959 + 110051 = 23*t - 93691. List the prime factors of t.
3, 13, 37
Let s(w) = -5*w - 78. Let i(l) = -8*l**2 + l + 1. Let o be i(-2). List the prime factors of s(o).
3, 29
Suppose 19*p + 46*p + 15*p - 246160 = 0. What are the prime factors of p?
17, 181
Let o(n) = n**2 - 13*n - 4. Let a be o(14). Let l be 0 - 1 - a/(-2). What are the prime factors of (-4)/(l/(-5)) + 134?
139
Let n(b) = 10*b**3 - 2*b**2 - 2*b + 4. Let t be n(1). Suppose -3*o = -5*k - 3805, -6*o - 5*k + 7600 = -t*k. What are the prime factors of o?
5, 11, 23
List the prime factors of 1*-3*(-14350 + -14 + -23).
3, 14387
Let d(p) = -p - 44. Let y be d(0). Let m = y - -156. Let u = 182 - m. List the prime factors of u.
2, 5, 7
Let y(v) be the first derivative of -v**3/3 - 9*v**2/2 - 6*v + 13. Let b be y(-9). Let r = b + 24. List the prime factors of r.
2, 3
Let f be -12*2/(-9)*3/2. Let r(i) = 14*i + 1. Let j be r(5). Suppose -v + j + 65 = 3*a, f*a = -v + 180. List the prime factors of a.
2, 11
Let j(d) = -d - 4. Let y be j(-6). List the prime factors of (1 - y)*-653 - -4.
3, 73
Let g be 42/4 - (378/(-28) + 13). Let l(t) be the third derivative of -t**6/120 + 11*t**5/60 + 3*t**4/8 - 5*t**3/2 + t**2. List the prime factors of l(g).
2, 3, 7
Let v = -776 + 1353. Let p = v - 365. What are the prime factors of p?
2, 53
Suppose 39*u = 3*u - 104495 + 1006367. List the prime factors of u.
2, 6263
Suppose 7*i - 183 - 321 = 0. Let p = 417 - i. What are the prime factors of p?
3, 5, 23
Let g = 1403 - -3291. Suppose -f - i + 937 = 0, 21*f - 16*f + 2*i = g. List the prime factors of f.
2, 5, 47
Let v(p) = p - 12. Let g be v(16). Suppose 0*s = -g*s + 524. Suppose 0 = -4*o - a + 49 + s, o + a - 45 = 0. List the prime factors of o.
3, 5
Let t = 152 + -69. Suppose 5*f - 128 = -5*m + 12, 4*m = -12. Let j = f + t. What are the prime factors of j?
2, 3, 19
Let i(m) = -4*m**2 + 28 - 7*m - 7*m - m**2 + 4*m**2. Let f(s) = -s**2 - 2*s. Let g be f(3). List the prime factors of i(g).
13
Let p(f) = 11*f + 11. Let l be (7/(-3))/(105/(-270)). List the prime factors of p(l).
7, 11
Suppose -4*h + 27 = 5*h. Suppose 4*j + 112 = 4*z, 0 = -h*z - 0*j - j + 68. Suppose 0 = -28*t + z*t + 272. What are the prime factors of t?
2, 17
Let a be -4*6*4/(-1 - -9). Let x be (-5 - 52/a)*-603. Let w = x + -231. What are the prime factors of w?
3, 19
Let y(q) = -3*q**2 + 2*q + 1. Let i be y(-3). Let c be ((-45)/4)/(6/i). Suppose -5*d + 2*x + c = 0, d + 0*d - 15 = x. List the prime factors of d.
2, 5
Let i(u) be the third derivative of -11*u**4/24 + 2*u**3 - 2*u**2 + 7*u. List the prime factors of i(-7).
89
Suppose -370717 = -47*x + 14*x + 412571. What are the prime factors of x?
2, 3, 23, 43
Let f = 45553 - -10143. What are the prime factors of f?
2, 59
Suppose 14258 - 141320 = -39*t. Let h = t - 1953. List the prime factors of h.
3, 5, 29
Let v(m) = -2*m**3 + 8*m**2 + 6*m + 4. Suppose 12 = -2*s + 2*i, i = -4*s + 4*i - 24. What are the prime factors of v(s)?
2, 43
Let r = -33429 + 83962. List the prime factors of r.
7, 7219
Let o(m) = -141*m - 897. What are the prime factors of o(-99)?
2, 3, 7, 311
Let i(k) = 17*k**2 - 5*k - 5. Let q be i(5). Suppose 3*t - 1664 = -q. What are the prime factors of t?
3, 47
Let n(q) = q**3 + 65*q**2 + 24*q + 59. Let y(j) = 32*j**2 + 13*j + 30. Let d(k) = -2*n(k) + 5*y(k). List the prime factors of d(13).
929
Let a(g) = -2*g - 40. Let r be -1*(-5)/(5/(-1)). Let x(c) = c - 1. Let w(f) = r*a(f) - 3*x(f). List the prime factors of w(23).
2, 5
Let g = -38 + 18. Let y = -24 - g. List the prime factors of y + 112 + 4 + 1.
113
Let t(h) = 4*h**3 - 5*h**2 + 16*h - 24. Suppose -3*j + 14 + 1 = 0. List the prime factors of t(j).
431
Let r = 7 - 6. Suppose -4 = -b + r. Suppose g + g = v + 31, v - 67 = -b*g. List the prime factors of g.
2, 7
Let j = 10661 + -10948. Let y = 93 + 383. Let z = y + j. What are the prime factors of z?
3, 7
Let i(y) = -4*y**2 + 10*y + 3. Let x be i(3). List the prime factors of (x - 0)*(2 - 28/6).
2
Suppose -142*s - 3549 = -103*s. Let x(y) = 27*y - 5. Let m be x(-6). Let n = s - m. What are the prime factors of n?
2, 19
Let t be (-3 - 0)*(-2)/3. Suppose 0 = u + t - 6. Suppose -u*k - 48 = -2*n, -5*n - 2*k + 172 = k. What are the prime factors of n?
2
Suppose x + 97 = -31. Let a = 40 - 36. What are the prime factors of (a - x/(-24))/((-2)/120)?
2, 5
Let i(h) = h**3 - 7*h**2 - h + 12. Let k be i(7). Suppose 0 = k*m - 0*m - 25. Suppose 114 = m*n - 56. What are the prime factors of n?
2, 17
Let i(k) = 4959*k - 239. What are the prime factors of i(5)?
2, 7, 877
Let a = -112 + 47. Let i = a + 106. What are the prime factors of i?
41
Suppose -510*i + 31085091 = -7689699. What are the prime factors of i?
3, 25343
Let p be 8/(-2) + -8 + 14. Suppose 3*b = -4*x - 645, 0*x + 4*b = -p*x - 320. Let d = 228 + x. What are the prime factors of d?
2, 3, 11
Let d = 2846 - -20634. What are the prime factors of d?
2, 5, 587
Let s = 302 + -108. Let g = s - -64. List the prime factors of g.
2, 3, 43
Suppose c - 165 + 149 = 0. Let q be c/(-10)*120/(-16). What are the prime factors of 49 - (6/(-24) - 33/q)?
2, 13
List the prime factors of (59940/(-216))/((-914)/456 + 2).
2, 3, 5, 19, 37
Let f = -158 - 118. Let z = -79 - f. Suppose -z = -i - 4*x, 0 = 3*x + 3 - 6. List the prime factors of i.
193
Let m be 2 - 5/(45/81). What are the prime factors of 6 - (m - 486 - 8)?
3, 13
Suppose -20*l = -115854 - 90454 - 50992. What are the prime factors of l?
5, 31, 83
Let d(f) = f**3 - 7*f**2 + 5*f - 13. Let w be d(8). Suppose -3*j = -0*j - 3, -4*t + 5*j + w = 0. What are the prime factors of t?
2, 3
What are the prime factors of 13*21417/15 - 20/200*4?
3, 23, 269
Suppose -2246*d + 2233*d = -91780. What are the prime factors of d?
2, 5, 353
Let o = -439 - -439. Let n be ((-8)/3)/(2/(-3)). List the prime factors of 1 - (-36 + (o 